 Let y(s) be the third derivative of u(s). Determine y(n).
2
Let u(o) = o**3 - 5*o**2 - 5*o - 6. Let r be u(6). Let q(b) = b. Let f be q(8). Let s(v) = 2*v**3 - 6 + f - v**2 - 3*v**3. Determine s(r).
2
Let m(t) = t**2 + 4*t - 2 - 1 - 5. Let g(r) = 2*r**2 - 61*r + 24. Let p be g(30). Determine m(p).
4
Suppose -2*d = -5*y + d + 30, -2*d = -y + 6. Let c(f) = 7*f + 7 - 1 - y*f - 1. Suppose -5*w - p + 5 = 0, 5*w - p + 0*p = -5. Calculate c(w).
5
Let k be -3 - (1 + -2)/(-1). Let h(a) = 2*a - 1. Determine h(k).
-9
Suppose -s = 1 - 0. Let k(v) = 5*v + 1. What is k(s)?
-4
Let z(c) = c - 1. Let a(n) = n. Let p(w) = -5*a(w) + z(w). Calculate p(-1).
3
Let d(i) = 2*i - 4. Let n be ((-12)/(-10))/(4/10). Let l be d(n). Let w(p) = -p**3 + 2*p**2. What is w(l)?
0
Let y(j) = 2*j**2 + j. Suppose 5*r = -3*q - 1, 2*r = 2*q + 4 + 2. What is y(r)?
3
Let u(j) be the second derivative of -j**8/6720 - j**7/630 - j**6/360 - 2*j**4/3 + 5*j. Let o(l) be the third derivative of u(l). Determine o(-4).
8
Let v be ((-4)/4)/((-1)/(-9)). Let y be 8/6*v/6. Let k(o) = -o**3 + 2*o - 1. Determine k(y).
3
Let u(i) be the third derivative of 0*i + 1/60*i**5 - 5*i**2 - 5/24*i**4 + 0 - 4/3*i**3. Calculate u(6).
-2
Let i = -4 - 2. Let b(r) = r**2 + 5*r - 1. Determine b(i).
5
Let m(j) = -3*j**2 + 3*j - 17. Let h(u) = -1. Let k(n) = -n**2 + n - 2. Let g(t) = 4*h(t) + k(t). Let z(y) = -8*g(y) + 3*m(y). What is z(0)?
-3
Let p = 11 + -6. Let m(s) = -1 + 2*s**3 - 11*s - 4 - 6*s**2 - s**3 + 18*s. Give m(p).
5
Suppose 8 = -y + 5*x, 2*x - 8 = -2*y - 0*x. Let p(d) = 5*d - 3. Give p(y).
7
Let f(l) be the first derivative of -5*l**2/2 + 5. Let x = -2 - -3. Give f(x).
-5
Let u be (1 + 12/(-9))/(5/(-75)). Let r(h) = h - 6. What is r(u)?
-1
Let m(v) = 13 - 12 + v + 1. Let h(i) = i - 6. Let y(r) = 3*r - 13. Let n(b) = -5*h(b) + 2*y(b). Let l be n(0). Give m(l).
6
Let h = 9 - 13. Let f(s) = -s**2 - s + 1. Give f(h).
-11
Let m(b) = -b**3 - 2*b**2 - 3*b - 1. Let z(y) = -y**2 + 9*y + 8. Let h be z(10). What is m(h)?
5
Let m(w) = -2*w**2 - 3*w - 1. Let y be m(-2). Let k(u) = -u + 1 - u**2 - 1. Let z(d) = 2*d**2 + 8*d - 3. Let i(p) = y*k(p) - z(p). Calculate i(3).
-3
Let f = 2 + -2. Let b(m) = f*m - 9 + m + 9. Calculate b(-3).
-3
Suppose -d = 3*u + 15, 0*u + 5*d = u - 11. Let q(j) = 6*j + 1. Let w(m) = -5*m - 1. Let t(f) = -4*q(f) - 5*w(f). Determine t(u).
-3
Let g(q) = 12*q**2 + 1. Let o be g(-1). Let u(t) = t + 0*t + 4*t. Let m(z) = -11*z - 1. Let v(b) = o*u(b) + 6*m(b). Determine v(-5).
-1
Let q be 1 + -7 + 3 + 4. Let u be q + (0 - (2 - 4)). Let v(x) = -x. Let r(g) = 2*g + 4. Let m(w) = r(w) + 3*v(w). Determine m(u).
1
Let k = 22 + -17. Suppose -2*l + 5 + k = 0. Let a(b) = b - 2. Give a(l).
3
Let v be (-2)/(-8) - 55/(-20). Suppose 0 = v*l - l + 6. Let c(q) = 2*q + 3. Calculate c(l).
-3
Let g(j) = 38*j**2 + 8*j + 3*j + 1 - 15*j**2 + 6. Let o(m) = -m**2. Let q be o(3). Let y(t) = -11*t**2 - 5*t - 3. Let k(p) = q*y(p) - 4*g(p). Determine k(1).
7
Suppose 7*q = 4*q - r + 9, -2*r = -5*q + 26. Let t = q - 1. Let n(f) = -f**2 + 3. Determine n(t).
-6
Suppose z + 6 + 12 = 4*u, -4*u + 20 = 0. Let y(o) = 5*o**z - 3*o + o**3 - 6 + 2*o - 7*o. Calculate y(-6).
6
Let i(d) = -3*d**2 + d. Let w be 2/(-3)*12/8. What is i(w)?
-4
Let f(a) = 2*a - 3. Suppose x - 2*x = -2*g + 14, -19 = -3*g + x. What is f(g)?
7
Let p(n) = -n - 1. Let t(r) = -r**2 - 17*r - 2. Let g be t(-17). Determine p(g).
1
Let g(i) = i**3 + 5*i**2 - 3*i - 6. Suppose h + 5 = 5*f - 4, f - 5 = -3*h. Let s be -5 + 7 + f*1. Suppose -5*r = n + 25, 3*r + 40 = -s*n - 2*r. Calculate g(n).
9
Let f = -4/15 - -23/30. Let c(q) be the second derivative of 0*q**2 + 0 + q + f*q**3. Give c(1).
3
Let p(z) be the second derivative of -z**6/120 + z**5/20 + z**4/6 + 5*z**3/6 + 3*z**2/2 - 3*z. Let j(w) be the first derivative of p(w). Calculate j(4).
5
Let j(w) = -w**2 + w - 4. Let p(f) = -f**2 - 1. Let n(u) = j(u) - 3*p(u). Calculate n(-2).
5
Let o(x) be the third derivative of 1/60*x**5 - 5*x**2 + 0*x + 0 + 1/3*x**3 + 1/12*x**4. Suppose 3*g + 7 = 1. What is o(g)?
2
Let b be ((-18)/(-2))/(3/2). Let t(g) = -b*g**2 - 5*g**2 + 3*g**2 - 1 + 2. Suppose 0*y + y = 1. Calculate t(y).
-7
Suppose 4*j - 3 = k + 4, -k - 6 = -3*j. Let f = j - 5. Let o(z) = -z**3 - 3*z**2 + 4*z + 5. Calculate o(f).
5
Suppose -26 = o + o. Let h = o - -18. Let t(k) = -k + 7. Give t(h).
2
Let h(v) be the third derivative of -v**4/8 - 2*v**3/3 + 2*v**2. Determine h(4).
-16
Let w(z) = -4*z**3 + z**2. Let h = -1 + 2. Suppose -3*c = -5*p + 20, -5*c - 3*p + 2 = -10. Let i = c + h. Calculate w(i).
-3
Let u(v) = -v**2 + v. Let f be u(-2). Let g(m) = 4*m + 9. Give g(f).
-15
Let a(j) = -j**3 + 7*j**2 - 5*j + 1. Let v be (-9)/(-12) + (-10)/(-8). Suppose -r - 3*q + 6 = -v*r, 10 = r + q. Determine a(r).
7
Let k be (-1)/(-1 - 12/(-9)). Let p(f) be the second derivative of -3/2*f**2 - 1/2*f**3 + 4*f + 0. What is p(k)?
6
Let r(m) = -2*m + 7. Let y be -1 + (-3 - 1*-12). Determine r(y).
-9
Let q be -1*(3 + -6 + 3). Suppose 37 = 5*i + 2. Let z(l) = i - l + 2*l - 3. Determine z(q).
4
Let k(p) = p**2 - p + 1. Let a(f) = -2*f**2 - 3*f - 5. Let v(w) = -a(w) - k(w). Give v(-6).
16
Let d(n) be the first derivative of -n**3/3 - 9*n**2/2 - 6*n - 8. Give d(-7).
8
Let z(d) be the third derivative of 0 + d**2 + 1/20*d**5 + 0*d - 1/3*d**3 + 1/120*d**6 + 0*d**4. What is z(-3)?
-2
Let p(m) = 3*m - 8. Let j(t) = -t + 1. Let w(z) = 4*j(z) + p(z). What is w(-7)?
3
Let w(y) = -y**2 - 2*y - 1. Let j be (0 - -1)*-1 - -10. Let i(g) be the second derivative of g**3/6 - 5*g**2 - 3*g. Let n be i(j). Determine w(n).
0
Let c = -5 + 8. Let r(n) = -2*n + 0*n - c*n. Calculate r(-2).
10
Let d(r) be the third derivative of r**6/120 + r**5/12 - r**4/4 - r**3/6 + 12*r**2. Determine d(-6).
-1
Suppose -3*h = 2*h + 45. Let y = -6 - h. Let c(s) = -s**3 - 3*s**2 + 5*s**2 + 2*s**2. Give c(y).
9
Let c(t) = 10*t**2 + 2*t - 1. Let r(q) = q**2 - 3*q - 1. Let h be r(4). Let y = -1 + 6. Suppose -h*x = -y + 2. What is c(x)?
11
Let o(q) be the third derivative of 2*q**2 - 1/24*q**4 + 0 + 0*q**3 + 0*q. Give o(-6).
6
Let h = 1 + 1. Suppose m - 1 = i, -1 - 1 = -h*m + 3*i. Let f(j) = 2*j - 5. Let q(b) = b - 1. Let z(a) = -f(a) + 4*q(a). Determine z(m).
3
Let w(v) = -v**3 + 7*v**2 + 7*v + 9. Let i be w(8). Let x(k) = 4*k**2 + 1. Calculate x(i).
5
Let y = 2 - 0. Suppose -2*q - 4*h = -12, -h + y = 5*q + 8. Let a(r) = 7*r + 3. Determine a(q).
-11
Let o(n) = n**3 + 2*n**2 + n + 1. Let d be 0 + ((-6)/9 - 128/(-12)). Let j(p) = -2*p**2 - 2*p. Let s be j(-2). Let z be (4/5)/(s/d). Give o(z).
-1
Let h be 45/5 - (1 + 1). Let j(o) = -2 + o**2 - o + 7 - h. What is j(-2)?
4
Suppose 0 = -8*i + 11*i - 18. Let j(k) be the first derivative of -k**2 + 8*k - 1. What is j(i)?
-4
Let s be 4/(-14) + 378/(-49). Let i be (0 + -4)*(-6)/s. Let k(r) be the third derivative of -r**5/60 + r**3/6 - 2*r**2. Determine k(i).
-8
Let f(x) = -x**2 + 3*x - 3. Suppose 4 = -0*j + 2*j. What is f(j)?
-1
Suppose 4 + 4 = 2*p - 2*u, -4*p - 5*u + 34 = 0. Let v(t) = -t**3 - 18 - 2*t**2 + 9 + 1 + p*t - 5*t**2. What is v(-8)?
8
Let k(c) = 4*c - 4. Let d(w) = -w + 12. Let i be d(10). Suppose -o = i*o - 9. Give k(o).
8
Let t(k) = -2*k - 10. Let n be t(-7). Let v(a) = 3*a - 2*a + a - n*a + 2. What is v(4)?
-6
Let o(w) = -4*w**3 - w**2 - w - 1. Suppose 3*f - 5*v + v = 5, -4*f - 5*v = 14. Let c be o(f). Let h(k) = -k**3 + 5*k**2 - 4*k + 2. Determine h(c).
8
Let f(m) be the third derivative of -m**6/40 + m**5/20 - m**3/6 + 8*m**2. What is f(2)?
-13
Let q(d) = 5*d - 8. Let y(s) = 2*s - 3. Let z(t) = 6*q(t) - 17*y(t). Let l be z(2). Let i = 1 + l. Let o(g) = g**2 + 5*g + 4. What is o(i)?
0
Let h(k) = k + 6. Let q(g) = -2*g - 12. Let r(x) = -5*h(x) - 2*q(x). Suppose 4*m + 3 = -5. Let c be 0*m*1/(-4). Calculate r(c).
-6
Let q = 91 - 89. Let l(y) be the first derivative of 5/4*y**4 - 1/2*y**q - 2/3*y**3 - 1 + 0*y. Give l(-1).
-6
Let n(w) be the second derivative of w**4/12 - w**3 + 3*w**2 + 24*w. Let r = 11 - 6. What is n(r)?
1
Let n be (-14)/((-3)/((-9)/(-6))). Let q(f) = -1 - f**2 + 2 - 4 - n*f + 2*f. What is q(-3)?
3
Let f(j) = -5*j - 1. Suppose -c + 2*y - 1 + 4 = 0, 0 = 4*c - 2*y. Let a be f(c). Let k(s) = a - s - 4. What is k(2)?
-2
Let b be ((-2)/6)/(5/(-45)). Let y = b - 1. Let r(l) = l**3 - 2*l**2 + 2*l - 2. Determine r(y).
